rime factors of k?
2, 5, 13
Suppose -3*d + 1452 = -0*d. Suppose 7*c - 3592 = -d. What are the prime factors of c?
2, 3, 37
Let q(h) be the third derivative of -257*h**4/8 + 13*h**3/6 - h**2 - 65*h. What are the prime factors of q(-1)?
2, 7
List the prime factors of 2/(2/2207) + (-154 - -155).
2, 3, 23
Suppose -4*x - w = -5, -3*w - 15 = x - 8. Suppose -4*r = -5*n - 1048, -x*r - 2*n = 126 - 632. What are the prime factors of r?
257
Suppose 10*j - 6 = 14. Suppose j*z + 21 = 31. Suppose 5*s = -4*a + 820, -454 = -5*a - z*s + 576. List the prime factors of a.
2, 3, 5, 7
List the prime factors of (2 + 13524/(-9))/(195/225 - 1).
5, 2251
Let k(m) = 70*m**2 - 17*m - 47. Let v(g) = 2*g**2 + 60*g - 3. Let u be v(-30). List the prime factors of k(u).
2, 317
Suppose 0 = -15*d + 1722 + 1653. Suppose 5*m - 857 = -2*h - d, 4*m - h = 503. What are the prime factors of m?
2, 3, 7
Suppose y + u = 796, -5*y + 1710 = 3*u - 2266. Suppose -28 - 162 = d - 5*f, 0 = -4*d + 3*f - y. Let b = -14 - d. What are the prime factors of b?
2, 3, 31
Let x(w) = 28*w + 25*w - 6*w + 11 - 4*w**2. Let z(k) = -2*k**2 + 23*k + 5. Let v(q) = 3*x(q) - 7*z(q). What are the prime factors of v(14)?
2, 5, 11
Suppose 3*p = -3*a - 6, a + 3 = 4*p - 14. Let m be (7 - -1)/(-4)*(-4 + p). List the prime factors of 334/(((-18)/(-45))/(m/10)).
167
Let u = -95 - -99. Suppose 30*d + u = 32*d. Suppose -5*y - 209 = -h, d*h - 279 = -5*y + 124. List the prime factors of h.
2, 3, 17
Suppose -485874 = -20*s + 219729 - 247743. List the prime factors of s.
3, 13, 587
Let c(j) = -j**3 - 70*j**2 - 217*j - 261. What are the prime factors of c(-67)?
811
Let v(x) = -8*x**3 + 5*x**2 + 4*x + 5. Let f be v(-3). Suppose -4*w + f + 58 = 0. List the prime factors of (0 + 16/(-12))*w/(-4).
2, 13
Let h = 142 - 116. Suppose h*w = 22*w + 908. List the prime factors of w.
227
Let h(c) = -c**3 + 96*c**2 - 62*c + 912. What are the prime factors of h(95)?
3, 19, 71
Let i be (-1 - 767)*114/(-4). Suppose -i = -7*w - 29*w. What are the prime factors of w?
2, 19
Let c be 2 - 77 - -4 - -4. Let a = 71 + c. Suppose 0 = -a*q - 3*p + 481, 3*p + p = -4. What are the prime factors of q?
11
Suppose 4*z - 6*z + 4*p = -45246, 67848 = 3*z - 3*p. List the prime factors of z.
23, 983
Let n(t) = 28*t + 179. Let l be n(-7). Let s(q) = -q**3 - 15*q**2 - 2*q + 7. What are the prime factors of s(l)?
619
Suppose 2*s + 2*q = 7*s - 7, -4*s = 2*q - 20. Suppose j + x - 117 - 474 = 0, s*x = 3. What are the prime factors of j?
2, 5, 59
List the prime factors of 16*87/(-18)*39*(-40)/10.
2, 13, 29
Let h = 18 + 14. Suppose h - 35 = -n. Suppose -1121 = -5*j + v, -n*v = -2*j + 3*j - 237. List the prime factors of j.
3, 5
Suppose u - 2*n - 5 = 0, 7 = -2*u + 5*n + 18. Suppose r - 6*r + 15 = 0. Suppose -4*h = 2*c - 388, -u*c - 186 = h - r*h. What are the prime factors of h?
2, 3
Let r(f) be the first derivative of f**4/4 + 2*f**3 - f**2 - 11*f + 7. What are the prime factors of r(6)?
409
Suppose 0 = -7*i + 6*i + 18. Suppose -i*y - 840 = -14*y. Let w = 352 + y. List the prime factors of w.
2, 71
Suppose -8*m + 2*m - 96 = 0. Let g be m/2 - (-6 + 2). Let z = 20 - g. What are the prime factors of z?
2, 3
Let t(g) = 3*g - 39. Let k be t(15). Suppose -k*y = -y - 270. List the prime factors of y.
2, 3
Let s(m) = 112*m - 12 + 9 - 13 - 7. List the prime factors of s(4).
5, 17
Let g(w) = -2*w**3 - 18*w**2 - 17*w - 57. Let x(z) = 3*z - 33. Let t be x(7). List the prime factors of g(t).
3, 337
Let n(w) = 15*w**2 + 6*w - 1. Let s(c) = c**2 + 13*c + 29. Let o be s(-9). What are the prime factors of n(o)?
2, 173
Let i(s) = s**3 + 6*s**2 + 36*s + 7. List the prime factors of i(13).
2, 19, 97
Suppose 3*i - 3 - 18007 = 10*z, -18080 = -3*i - 4*z. What are the prime factors of i?
2, 5, 7, 43
Let w(s) = 10*s**2 - 746*s + 111. List the prime factors of w(-35).
17, 31, 73
Let n be (2 - 2)*(-5)/(1 - -9). Let a(t) = -2*t**3 - t**2 + t + 785. List the prime factors of a(n).
5, 157
Let d(v) = v**3 - 5*v**2 + 7*v - 12. Let r be (((-7)/2 + 2)*4)/(-1). Let s be d(r). Let m = s - 26. What are the prime factors of m?
2, 5
Let t = -134 + 155. What are the prime factors of (-14)/t*318/(-2)?
2, 53
Suppose -2602 - 289 = -7*w. Suppose -w = -6*r - r. List the prime factors of r.
59
Suppose 5*f + 2 = 3*f, 4*q - 34581 = -3*f. What are the prime factors of q?
2, 3, 11, 131
Let o be (-1 + -2)/((-54)/24)*3. Suppose 4*y + o - 16 = 0. Suppose y*s - 61 = 185. List the prime factors of s.
2, 41
Let h(u) = 11*u**3 - 4*u**2 - 1. Let g be h(3). Let v = -176 + g. What are the prime factors of v?
2, 3, 7
Let t(j) = 426*j + 2. Let m be t(4). Let a = -612 + m. What are the prime factors of a?
2, 547
Let y(d) = 2*d**3 + 27*d**2 - 18*d - 16. Let t(h) = -h**3 - 4*h**2 + 20*h + 34. Let c be t(-6). List the prime factors of y(c).
2, 5
Let m = 2921 + 15813. What are the prime factors of m?
2, 17, 19, 29
Let g be (0 - 4/(-20)) + 11703/(-15). What are the prime factors of g/105*(-161)/2?
2, 13, 23
Let v(m) = 6*m**2 + 2*m - 3. Let t be v(-2). Suppose 0 = -20*n + t*n + 750. List the prime factors of n.
2, 5
Let a(v) = -163*v - 66. Let i be (-1)/((-21)/(-55) - 6/33). What are the prime factors of a(i)?
7, 107
Let y = -249 + 3086. What are the prime factors of y?
2837
Let i(y) = 129*y**2 - 68*y + 31. What are the prime factors of i(-10)?
3, 13, 349
Let b(h) be the third derivative of h**5/30 - h**4/8 - h**3/6 + 2*h**2. Let d(o) = o**2 - 15*o + 11. Let j be d(14). What are the prime factors of b(j)?
2, 13
Let l(r) = 4357*r + 5174. List the prime factors of l(15).
70529
Let a = 33397 + -15800. List the prime factors of a.
17597
Suppose -11351 + 68849 = 7*u. List the prime factors of u.
2, 3, 37
Let f(n) = 27*n**2 - 106*n + 25. What are the prime factors of f(-18)?
11, 971
What are the prime factors of (50229/(-6))/(10/(-60))?
3, 5581
Let z = 561 + 776. Suppose 3*q + 4*q - z = 0. What are the prime factors of q?
191
Let c(g) = 9128*g**3 - 4*g + 2. Let j be c(1). List the prime factors of (-11)/((-132)/j) - 1/2.
2, 5, 19
Let o be 2 - (2 - 1) - 601. Let s = o - -1165. Suppose -s - 1285 = -10*h. List the prime factors of h.
5, 37
Let c be 3077 + -15 + 6 + 1. What are the prime factors of (24/(-36))/((-6)/c) - 1?
2, 5, 17
Let t = -13 + 18. Suppose w - 4*h - 234 = 0, t*w = 2*w + h + 658. List the prime factors of w.
2, 109
Suppose 15*c = -29*c + c. Suppose c = -18*s + 9*s + 14229. List the prime factors of s.
3, 17, 31
Let v = -1099 + 355. Let w = 1757 + v. What are the prime factors of w?
1013
Suppose -5*d + 7*y + 20 = 3*y, -2*d + 8 = -2*y. Suppose -d*x + 0*j - 14 = -2*j, x = -3*j. List the prime factors of (3 + -4 - x) + 263.
5, 53
Let r(u) = 1780*u**2 - 215*u + 1209. What are the prime factors of r(5)?
2, 3, 43, 173
Let q be (-86)/(-12) - 95/570. Suppose 18*k + q*k = 27325. What are the prime factors of k?
1093
Suppose -2*k + 11 = -3*l, l - k = -0*l - 5. Let q be l + -3 + 1 + 35. Suppose q*t - 36*t = -408. List the prime factors of t.
2, 3, 17
Let t = -59 + 28. Let v(h) = 2*h**3 + 13*h**2 - 7*h + 8. Let x be v(-7). Let i = x - t. What are the prime factors of i?
3, 13
Suppose -5*l = 4*b - 251, 3*b - 7*b - 4 = 0. Suppose 13*w - l = 14. Suppose -42 = -2*a - w*c, 4*a + 8*c - 84 = 3*c. What are the prime factors of a?
3, 7
Let c(u) = 25*u**2 + 22*u + 1142. What are the prime factors of c(34)?
2, 5, 3079
Suppose -15 = 5*w, -43*a + 44*a = -w + 194. Let x = a - -132. What are the prime factors of x?
7, 47
What are the prime factors of (-120)/(-21) - 6/(-21) - -148*39?
2, 3, 107
Let j(y) = -y**3 - y**2 + 10*y - 10. Let x be j(3). Let r = x + 207. What are the prime factors of r?
191
Suppose -2*k + 6 = -4. Suppose 3*w - 120 = -k*q - 732, 5*w = -20. Let x = -69 - q. What are the prime factors of x?
3, 17
Suppose 5*z - 4*z + 2910 = 0. Let n be z/20*2/3. List the prime factors of 3/(2 + -5) - (n + -2).
2, 7
Suppose 650230 - 31318 = 48*u. What are the prime factors of u?
2, 3, 7, 307
Let l be (-12)/30 + 6/15. Suppose -q - h + 27 + 20 = l, 2*q - 5*h = 115. What are the prime factors of q - (-5 - (4 - 5))?
2, 3
Let x be (8 - 9)/((-1)/4). Suppose -x*w + 2*w + 2441 = 5*i, -2*i - 4942 = -4*w. What are the prime factors of w?
3, 137
Suppose 9 = 4*n - 7. Let t(v) = -v**3 + 5*v**2 - 4*v. Let g be t(n). Suppose g = -3*y + 257 + 103. List the prime fact